{"id":655,"date":"2023-07-28T08:26:36","date_gmt":"2023-07-28T08:26:36","guid":{"rendered":"https:\/\/cogaprel.es\/shop\/?post_type=product&#038;p=655"},"modified":"2023-07-28T08:40:29","modified_gmt":"2023-07-28T08:40:29","slug":"lenzemdemabr100-12c1c-16027350","status":"publish","type":"product","link":"https:\/\/cogaprel.es\/shop\/producto\/lenzemdemabr100-12c1c-16027350\/","title":{"rendered":"lenze mdemabr100-12c1c 16027350"},"content":{"rendered":"<div>\n<p style=\"text-align: left;\"><strong>LENZE MDEMABR100-12C1C 16027350<\/strong> Motor trif\u00e1sico LENZE GMBH 230\/400 Vac, 3,90KW, 1455rpm, IE2, B14 FT130 (C160), eje 28&#215;60 con chaveta. freno de muelles talla 10, 16,00Nm 205Vcc. <a href=\"http:\/\/www.lenze.es\"><span style=\"text-align: center;\">www.lenze.es<\/span><\/a><\/p>\n<p style=\"text-align: left;\">Motor trif\u00e1sico OEM completamente nuevo y funcional. En stock para suministro inmediato.<\/p>\n<table style=\"font-weight: 400;\" width=\"524\">\n<tbody>\n<tr>\n<td width=\"160\">Tipo de motor<\/td>\n<td width=\"147\">Motor trif\u00e1sico AC MD<\/td>\n<\/tr>\n<tr>\n<td width=\"160\">Motor<\/td>\n<td width=\"147\">MD 100-12<\/td>\n<\/tr>\n<tr>\n<td width=\"160\">Motor-Code<\/td>\n<td width=\"147\">MDEMABR100-12C1C<\/td>\n<\/tr>\n<tr>\n<td width=\"160\">Potencia nominal<\/td>\n<td width=\"147\">3,900 kW<\/td>\n<\/tr>\n<tr>\n<td width=\"160\">Clase de eficiencia<\/td>\n<td width=\"147\">IE1<\/td>\n<\/tr>\n<tr>\n<td width=\"160\">Forma constructiva motor<\/td>\n<td width=\"147\">B14<\/td>\n<\/tr>\n<tr>\n<td width=\"160\">Brida<\/td>\n<td width=\"147\">FT130 (C160)<\/td>\n<\/tr>\n<tr>\n<td width=\"160\">Eje de motor dxl<\/td>\n<td width=\"147\">28&#215;60 con chaveta<\/td>\n<\/tr>\n<tr>\n<td width=\"160\">Velocidad nominal<\/td>\n<td width=\"147\">2.550 r\/min<\/td>\n<\/tr>\n<tr>\n<td width=\"160\">Par nominal<\/td>\n<td width=\"147\">14,60 Nm<\/td>\n<\/tr>\n<tr>\n<td width=\"160\">Tensi\u00f3n nominal<\/td>\n<td width=\"147\">400 V<\/td>\n<\/tr>\n<tr>\n<td width=\"160\">Conexionado<\/td>\n<td width=\"147\">tri\u00e1ngulo<\/td>\n<\/tr>\n<tr>\n<td width=\"160\">Intensidad nominal<\/td>\n<td width=\"147\">9.20 A<\/td>\n<\/tr>\n<tr>\n<td width=\"160\">Frecuencia nominal<\/td>\n<td width=\"147\">87 hz<\/td>\n<\/tr>\n<tr>\n<td width=\"160\">Factor de potencia<\/td>\n<td width=\"147\">0,71<\/td>\n<\/tr>\n<tr>\n<td width=\"160\">Modo de operaci\u00f3n<\/td>\n<td width=\"147\">S1<\/td>\n<\/tr>\n<tr>\n<td width=\"160\">Tipo de conexi\u00f3n<\/td>\n<td width=\"147\">Caja de bornes<\/td>\n<\/tr>\n<tr>\n<td width=\"160\">Clase de temperatura<\/td>\n<td width=\"147\">F<\/td>\n<\/tr>\n<tr>\n<td width=\"160\">Protecci\u00f3n motor<\/td>\n<td width=\"147\">TKO (Contacto t\u00e9rmico NC)<\/td>\n<\/tr>\n<tr>\n<td width=\"160\">Indice de protecci\u00f3n<\/td>\n<td width=\"147\">IP55<\/td>\n<\/tr>\n<tr>\n<td width=\"160\">Color<\/td>\n<td width=\"147\">RAL 7012 = Gr\u00eds basalto<\/td>\n<\/tr>\n<tr>\n<td width=\"160\">Acabado\/Protecci\u00f3n Corrosi\u00f3n<\/td>\n<td width=\"147\">OKS-S (Small; C1)<\/td>\n<\/tr>\n<tr>\n<td width=\"160\">Refrigeraci\u00f3n<\/td>\n<td width=\"147\">Ventilador propio<\/td>\n<\/tr>\n<tr>\n<td width=\"160\">Versi\u00f3n de freno<\/td>\n<td width=\"147\">Fuerza el\u00e1stica<\/td>\n<\/tr>\n<tr>\n<td width=\"160\">Dise\u00f1o de freno<\/td>\n<td width=\"147\">No ajustable<\/td>\n<\/tr>\n<tr>\n<td width=\"160\">Freno &#8211; tensi\u00f3n de conexi\u00f3n<\/td>\n<td width=\"147\">205 V CC<\/td>\n<\/tr>\n<tr>\n<td width=\"160\">Talla de freno<\/td>\n<td width=\"147\">10<\/td>\n<\/tr>\n<tr>\n<td width=\"160\">Par de frenado<\/td>\n<td width=\"147\">16,000 Nm<\/td>\n<\/tr>\n<tr>\n<td width=\"160\">Desbloqueo de freno manual<\/td>\n<td width=\"147\">sin<\/td>\n<\/tr>\n<tr>\n<td width=\"160\">Rotor de freno de bajo ruido<\/td>\n<td width=\"147\">No<\/td>\n<\/tr>\n<tr>\n<td width=\"160\">Freno con protecci\u00f3n<\/td>\n<td width=\"147\">No<\/td>\n<\/tr>\n<tr>\n<td width=\"160\">Motorcode C86<\/td>\n<td width=\"147\">1252<\/td>\n<\/tr>\n<tr>\n<td width=\"160\">Momento de inercia<\/td>\n<td width=\"147\">63,000 kgcm2<\/td>\n<\/tr>\n<tr>\n<td width=\"160\">Pos. caja de bornes<\/td>\n<td width=\"147\">T [2]<\/td>\n<\/tr>\n<tr>\n<td width=\"160\"><\/td>\n<td width=\"147\"><\/td>\n<\/tr>\n<tr>\n<td width=\"160\">Peso<\/td>\n<td width=\"147\">28.5 KG<\/td>\n<\/tr>\n<\/tbody>\n<\/table>\n<h5 style=\"text-align: left;\"><strong>Equivalencia con:<\/strong><\/h5>\n<p style=\"text-align: left;\">LENZE <strong>m550-P112\/M4<\/strong> motor trif\u00e1sico AC m50-P In.n\u00ba- <strong>16945045<\/strong>.<\/p>\n<p>&nbsp;<\/p>\n<\/div>\n<p style=\"text-align: left;\">Consulta nuestras condiciones de venta en productos descatalogados y\/o custom como esta unidad de ventilaci\u00f3n EBM. Producto en stock, nuevo, sin usar. <a href=\"https:\/\/cogaprel.es\/shop\/reembolso_devoluciones\/\">CONDICIONES GENERALES.<\/a><\/p>\n<p style=\"text-align: left;\">Consulta nuestras marcas en<a href=\"https:\/\/www.cogaprel.com\/industria\/\"> www.cogaprel.com<\/a><\/p>\n<div>\n<p style=\"text-align: left;\">Con los motores trif\u00e1sicos m550 y m540, le ofrecemos una soluci\u00f3n de accionamiento con garant\u00eda de futuro para su m\u00e1quina. Adem\u00e1s, estos motores cumplen los requisitos legales de las regiones m\u00e1s importantes del mundo, como Estados Unidos, Europa y Asia.<\/p>\n<p style=\"text-align: left;\">Los motores trif\u00e1sicos IE2 m550-H cubren el rango de potencia 0.12&#8230;\u00a00.55\u00a0kW y son muy eficientes, de conformidad con IE2.<\/p>\n<p style=\"text-align: left;\">Los motores trif\u00e1sicos IE3 m550-P cubren el rango de potencia 0.75&#8230;.\u00a022\u00a0kW y son muy eficientes, de conformidad con IE3.<\/p>\n<p style=\"text-align: left;\">Los motores trif\u00e1sicos IE3 m540-P cubren el rango de potencia 30&#8230;\u00a055\u00a0kW y son muy eficientes, de conformidad con IE3.<\/p>\n<h5 style=\"text-align: left;\">Caracter\u00edsticas principales<\/h5>\n<ul>\n<li style=\"text-align: left;\">Clases de eficiencia energ\u00e9tica para un uso rentable y con garant\u00eda de futuro en muchas aplicaciones y pa\u00edses<\/li>\n<li style=\"text-align: left;\">Sistema modular escalable para una adaptaci\u00f3n \u00f3ptima a los requisitos de la m\u00e1quina<\/li>\n<li style=\"text-align: left;\">Conexi\u00f3n sencilla mediante caja de bornes o conectores convencionales del mercado para una r\u00e1pida puesta en marcha<\/li>\n<li style=\"text-align: left;\">Optimizado para el uso como motorreductores con los reductores g500 y para los convertidores de frecuencia i550<\/li>\n<\/ul>\n<\/div>\n","protected":false},"excerpt":{"rendered":"<p style=\"text-align: left;\"><strong>LENZE MDEMABR100-12C1C 16027350<\/strong> Motor trif\u00e1sico LENZE GMBH 230\/400 Vac, 3,90KW, 1455rpm, IE2, B14 FT130 (C160), eje 28&#215;60 con chaveta. freno de muelles talla 10, 16,00Nm 205Vcc. <a href=\"http:\/\/www.lenze.es\"><span style=\"text-align: center;\">www.lenze.es<\/span><\/a><\/p>\n<p style=\"text-align: left;\">Motor trif\u00e1sico OEM completamente nuevo y funcional. En stock para suministro inmediato.<\/p>\n<table style=\"font-weight: 400;\" width=\"524\">\n<tbody>\n<tr>\n<td width=\"160\">Tipo de motor<\/td>\n<td width=\"147\">Motor trif\u00e1sico AC MD<\/td>\n<\/tr>\n<tr>\n<td width=\"160\">Motor<\/td>\n<td width=\"147\">MD 100-12<\/td>\n<\/tr>\n<tr>\n<td width=\"160\">Motor-Code<\/td>\n<td width=\"147\">MDEMABR100-12C1C<\/td>\n<\/tr>\n<tr>\n<td width=\"160\">Potencia nominal<\/td>\n<td width=\"147\">3,900 kW<\/td>\n<\/tr>\n<tr>\n<td width=\"160\">Clase de eficiencia<\/td>\n<td width=\"147\">IE1<\/td>\n<\/tr>\n<tr>\n<td width=\"160\">Forma constructiva motor<\/td>\n<td width=\"147\">B14<\/td>\n<\/tr>\n<tr>\n<td width=\"160\">Brida<\/td>\n<td width=\"147\">FT130 (C160)<\/td>\n<\/tr>\n<tr>\n<td width=\"160\">Eje de motor dxl<\/td>\n<td width=\"147\">28&#215;60 con chaveta<\/td>\n<\/tr>\n<tr>\n<td width=\"160\">Velocidad nominal<\/td>\n<td width=\"147\">2.550 r\/min<\/td>\n<\/tr>\n<tr>\n<td width=\"160\">Par nominal<\/td>\n<td width=\"147\">14,60 Nm<\/td>\n<\/tr>\n<tr>\n<td width=\"160\">Tensi\u00f3n nominal<\/td>\n<td width=\"147\">400 V<\/td>\n<\/tr>\n<tr>\n<td width=\"160\">Conexionado<\/td>\n<td width=\"147\">tri\u00e1ngulo<\/td>\n<\/tr>\n<tr>\n<td width=\"160\">Intensidad nominal<\/td>\n<td width=\"147\">9.20 A<\/td>\n<\/tr>\n<tr>\n<td width=\"160\">Frecuencia nominal<\/td>\n<td width=\"147\">87 hz<\/td>\n<\/tr>\n<tr>\n<td width=\"160\">Factor de potencia<\/td>\n<td width=\"147\">0,71<\/td>\n<\/tr>\n<tr>\n<td width=\"160\">Modo de operaci\u00f3n<\/td>\n<td width=\"147\">S1<\/td>\n<\/tr>\n<tr>\n<td width=\"160\">Tipo de conexi\u00f3n<\/td>\n<td width=\"147\">Caja de bornes<\/td>\n<\/tr>\n<tr>\n<td width=\"160\">Clase de temperatura<\/td>\n<td width=\"147\">F<\/td>\n<\/tr>\n<tr>\n<td width=\"160\">Protecci\u00f3n motor<\/td>\n<td width=\"147\">TKO (Contacto t\u00e9rmico NC)<\/td>\n<\/tr>\n<tr>\n<td width=\"160\">Indice de protecci\u00f3n<\/td>\n<td width=\"147\">IP55<\/td>\n<\/tr>\n<tr>\n<td width=\"160\">Color<\/td>\n<td width=\"147\">RAL 7012 = Gr\u00eds basalto<\/td>\n<\/tr>\n<tr>\n<td width=\"160\">Acabado\/Protecci\u00f3n Corrosi\u00f3n<\/td>\n<td width=\"147\">OKS-S (Small; C1)<\/td>\n<\/tr>\n<tr>\n<td width=\"160\">Refrigeraci\u00f3n<\/td>\n<td width=\"147\">Ventilador propio<\/td>\n<\/tr>\n<tr>\n<td width=\"160\">Versi\u00f3n de freno<\/td>\n<td width=\"147\">Fuerza el\u00e1stica<\/td>\n<\/tr>\n<tr>\n<td width=\"160\">Dise\u00f1o de freno<\/td>\n<td width=\"147\">No ajustable<\/td>\n<\/tr>\n<tr>\n<td width=\"160\">Freno &#8211; tensi\u00f3n de conexi\u00f3n<\/td>\n<td width=\"147\">205 V CC<\/td>\n<\/tr>\n<tr>\n<td width=\"160\">Talla de freno<\/td>\n<td width=\"147\">10<\/td>\n<\/tr>\n<tr>\n<td width=\"160\">Par de frenado<\/td>\n<td width=\"147\">16,000 Nm<\/td>\n<\/tr>\n<tr>\n<td width=\"160\">Desbloqueo de freno manual<\/td>\n<td width=\"147\">sin<\/td>\n<\/tr>\n<tr>\n<td width=\"160\">Rotor de freno de bajo ruido<\/td>\n<td width=\"147\">No<\/td>\n<\/tr>\n<tr>\n<td width=\"160\">Freno con protecci\u00f3n<\/td>\n<td width=\"147\">No<\/td>\n<\/tr>\n<tr>\n<td width=\"160\">Motorcode C86<\/td>\n<td width=\"147\">1252<\/td>\n<\/tr>\n<tr>\n<td width=\"160\">Momento de inercia<\/td>\n<td width=\"147\">63,000 kgcm2<\/td>\n<\/tr>\n<tr>\n<td width=\"160\">Pos. caja de bornes<\/td>\n<td width=\"147\">T [2]<\/td>\n<\/tr>\n<tr>\n<td width=\"160\"><\/td>\n<td width=\"147\"><\/td>\n<\/tr>\n<tr>\n<td width=\"160\">Peso<\/td>\n<td width=\"147\">28.5 KG<\/td>\n<\/tr>\n<\/tbody>\n<\/table>\n<h5 style=\"text-align: left;\"><strong>Equivalencia con:<\/strong><\/h5>\n<p style=\"text-align: left;\">LENZE <strong>m550-P112\/M4<\/strong> motor trif\u00e1sico AC m50-P In.n\u00ba- <strong>16945045<\/strong>.<\/p>\n","protected":false},"featured_media":656,"comment_status":"open","ping_status":"closed","template":"","meta":[],"product_brand":[],"product_cat":[38,51,39],"product_tag":[76,68,75,74,69],"class_list":{"0":"post-655","1":"product","2":"type-product","3":"status-publish","4":"has-post-thumbnail","6":"product_cat-industria","7":"product_cat-lenze-gmbh","8":"product_cat-motores","9":"product_tag-intorq","10":"product_tag-lenze","11":"product_tag-lenze-gmbh","12":"product_tag-motor-ac","13":"product_tag-servo","15":"first","16":"instock","17":"taxable","18":"shipping-taxable","19":"purchasable","20":"product-type-simple"},"_links":{"self":[{"href":"https:\/\/cogaprel.es\/shop\/wp-json\/wp\/v2\/product\/655","targetHints":{"allow":["GET"]}}],"collection":[{"href":"https:\/\/cogaprel.es\/shop\/wp-json\/wp\/v2\/product"}],"about":[{"href":"https:\/\/cogaprel.es\/shop\/wp-json\/wp\/v2\/types\/product"}],"replies":[{"embeddable":true,"href":"https:\/\/cogaprel.es\/shop\/wp-json\/wp\/v2\/comments?post=655"}],"wp:featuredmedia":[{"embeddable":true,"href":"https:\/\/cogaprel.es\/shop\/wp-json\/wp\/v2\/media\/656"}],"wp:attachment":[{"href":"https:\/\/cogaprel.es\/shop\/wp-json\/wp\/v2\/media?parent=655"}],"wp:term":[{"taxonomy":"product_brand","embeddable":true,"href":"https:\/\/cogaprel.es\/shop\/wp-json\/wp\/v2\/product_brand?post=655"},{"taxonomy":"product_cat","embeddable":true,"href":"https:\/\/cogaprel.es\/shop\/wp-json\/wp\/v2\/product_cat?post=655"},{"taxonomy":"product_tag","embeddable":true,"href":"https:\/\/cogaprel.es\/shop\/wp-json\/wp\/v2\/product_tag?post=655"}],"curies":[{"name":"wp","href":"https:\/\/api.w.org\/{rel}","templated":true}]}}