{"id":619,"date":"2023-04-14T15:15:48","date_gmt":"2023-04-14T15:15:48","guid":{"rendered":"https:\/\/cogaprel.es\/shop\/?post_type=product&#038;p=619"},"modified":"2023-04-14T15:21:08","modified_gmt":"2023-04-14T15:21:08","slug":"luft-kld024pp080cswh","status":"publish","type":"product","link":"https:\/\/cogaprel.es\/shop\/producto\/luft-kld024pp080cswh\/","title":{"rendered":"luft kld024pp080cswh"},"content":{"rendered":"<div>\n<p style=\"text-align: left;\"><strong>LUFT KLD024PP080CSWH<\/strong>\u00a024Vdc. Ventilator marca LUFT. <a href=\"https:\/\/www.luft.es\">www.luftk.com<\/a><\/p>\n<p style=\"text-align: left;\">KLD024PP080CSWH Ventilador 24Vdc 80x80x25mm<\/p>\n<ul class=\"lista\" style=\"text-align: left;\">\n<li>Marca LUFT<\/li>\n<li>Tensi\u00f3n de trabajo 24Vdc<\/li>\n<li>Potencia 5W\/210mA<\/li>\n<li>Caudal de aire 38\u00a0CFM<\/li>\n<li>Chasis y aspas de Termoplastico<\/li>\n<li>Salida 2 Cables<\/li>\n<li>Nivel de ruido 35dB<\/li>\n<li>Revoluciones por minuto 3000rpm<\/li>\n<li>Medidas 80x80x25mm<\/li>\n<\/ul>\n<p style=\"text-align: left;\">Equivalencia con:<\/p>\n<p style=\"text-align: left;\">VEN014<\/p>\n<p style=\"text-align: left;\">EF80252S1-1000U-A9<\/p>\n<p style=\"text-align: left;\">4367100<\/p>\n<p style=\"text-align: left;\">\n<\/div>\n<p>Consulta nuestras condiciones de venta en productos descatalogados y\/o custom como esta unidad de ventilaci\u00f3n LUFT. Producto en stock, nuevo, sin usar. <a href=\"https:\/\/cogaprel.es\/shop\/reembolso_devoluciones\/\">CONDICIONES GENERALES.<\/a><\/p>\n<p>Consulta nuestras marcas en<a href=\"https:\/\/www.cogaprel.com\/industria\/\"> www.cogaprel.com<\/a><\/p>\n<p style=\"text-align: left;\"><strong class=\"bb strong_bb\">ELEVADA EXPERIENCIA<\/strong><br \/>\nLUFT\u00a0es un fabricante profesional de ventiladores axiales, tangenciales, blowers y turboventiladores. Desde 1976, nuestro departamento de I+D se han ocupado del desarrollo y mejora de nuevos productos seg\u00fan las necesidades del mercado.<\/p>\n<p style=\"text-align: left;\"><strong class=\"bb strong_bb\">TECNOLOG\u00cdA DE PRIMERA CLASE<\/strong><br \/>\nNuestras f\u00e1bricas est\u00e1n perfectamente equipadas con las \u00faltimas tecnolog\u00edas, tanto en los nuevos desarrollos, que en la fabricaci\u00f3n y en los controles de calidad. Con ello se consigue una producci\u00f3n eficiente y de gran calidad controlando los costes para disponer de precios siempre competitivos.<\/p>\n<p style=\"text-align: left;\"><strong class=\"bb strong_bb\">STAFF PROFESIONAL<\/strong><br \/>\nLa eficiencia y la formaci\u00f3n de nuestro staff permite la producci\u00f3n de productos excepcionales que nos consenten ser l\u00edderes en los diversos sectores de mercado.<\/p>\n<p style=\"text-align: left;\"><strong class=\"bb strong_bb\">M\u00c1XIMA CALIDAD<\/strong><br \/>\nTodos nuestros productos cumplen con las m\u00e1s estrictas normas internacionales satisfacendo los requisitos y las demandas del mercado.<\/p>\n<p style=\"text-align: left;\"><strong class=\"bb strong_bb\">EXPANSI\u00d3N<\/strong><br \/>\nEn el a\u00f1o 1999 LUFT ha decidido expandir su actividad en Asia a trav\u00e9s de una joint venture con\u00a0DACHS KONDEL INTERNATIONAL S.A.<\/p>\n","protected":false},"excerpt":{"rendered":"<p style=\"text-align: left;\"><strong>LUFT KLD024PP080CSWH <\/strong>24Vdc. Ventilator marca LUFT. <a href=\"https:\/\/www.luft.es\">www.luftk.com<\/a><\/p>\n<p style=\"text-align: left;\">KLD024PP080CSWH Ventilador 24Vdc 80x80x25mm<\/p>\n<ul class=\"lista\" style=\"text-align: left;\">\n<li>Marca LUFT<\/li>\n<li>Tensi\u00f3n de trabajo 24Vdc<\/li>\n<li>Potencia 5W\/210mA<\/li>\n<li>Caudal de aire 38\u00a0CFM<\/li>\n<li>Chasis y aspas de Termoplastico<\/li>\n<li>Salida 2 Cables<\/li>\n<li>Nivel de ruido 35dB<\/li>\n<li>Revoluciones por minuto 3000rpm<\/li>\n<li>Medidas 80x80x25mm<\/li>\n<\/ul>\n<p style=\"text-align: left;\">Equivalencia con:<\/p>\n<p style=\"text-align: left;\">VEN014<\/p>\n<p style=\"text-align: left;\">EF80252S1-1000U-A9<\/p>\n<p style=\"text-align: left;\">4367100<\/p>\n<p style=\"text-align: left;\">\n","protected":false},"featured_media":620,"comment_status":"open","ping_status":"closed","template":"","meta":[],"product_brand":[],"product_cat":[38,63],"product_tag":[65,64],"class_list":{"0":"post-619","1":"product","2":"type-product","3":"status-publish","4":"has-post-thumbnail","6":"product_cat-industria","7":"product_cat-semikron-semiconductores","8":"product_tag-igbt","9":"product_tag-semikron","11":"first","12":"instock","13":"taxable","14":"shipping-taxable","15":"purchasable","16":"product-type-simple"},"_links":{"self":[{"href":"https:\/\/cogaprel.es\/shop\/wp-json\/wp\/v2\/product\/619","targetHints":{"allow":["GET"]}}],"collection":[{"href":"https:\/\/cogaprel.es\/shop\/wp-json\/wp\/v2\/product"}],"about":[{"href":"https:\/\/cogaprel.es\/shop\/wp-json\/wp\/v2\/types\/product"}],"replies":[{"embeddable":true,"href":"https:\/\/cogaprel.es\/shop\/wp-json\/wp\/v2\/comments?post=619"}],"wp:featuredmedia":[{"embeddable":true,"href":"https:\/\/cogaprel.es\/shop\/wp-json\/wp\/v2\/media\/620"}],"wp:attachment":[{"href":"https:\/\/cogaprel.es\/shop\/wp-json\/wp\/v2\/media?parent=619"}],"wp:term":[{"taxonomy":"product_brand","embeddable":true,"href":"https:\/\/cogaprel.es\/shop\/wp-json\/wp\/v2\/product_brand?post=619"},{"taxonomy":"product_cat","embeddable":true,"href":"https:\/\/cogaprel.es\/shop\/wp-json\/wp\/v2\/product_cat?post=619"},{"taxonomy":"product_tag","embeddable":true,"href":"https:\/\/cogaprel.es\/shop\/wp-json\/wp\/v2\/product_tag?post=619"}],"curies":[{"name":"wp","href":"https:\/\/api.w.org\/{rel}","templated":true}]}}